 x(i) = 1829*i - 162. What is the thousands digit of x(2)?
3
Let w = 1645 - 402. Suppose -3*b = -w - 2303. What is the units digit of b?
2
Suppose -5*l - 2*l + 21 = 0. Suppose -5*k - l*c = -1631, -2*k + 2*c + 656 = 5*c. What is the hundreds digit of k?
3
Suppose 1050 = 7*p - 4*p. Let k = p - 279. What is the units digit of k?
1
Let g = 10362 - -3116. What is the ten thousands digit of g?
1
Let h(s) = s**3 + 10*s**2 - 4*s + 3. Let a be h(-10). Let c = 45 - a. Suppose c*q = 2 - 0. What is the units digit of q?
1
Let x = 1465 + -781. Suppose 3*z + 11*j = 7*j + x, -z + 2*j + 218 = 0. What is the tens digit of z?
2
Let x(f) = f**3 + 22*f**2 + 34*f - 866. What is the ten thousands digit of x(21)?
1
Let d(s) = -63*s + 1302. What is the tens digit of d(-21)?
2
Suppose 5*k = -2*j - 431, 0 = 7*k - 4*k - 3*j + 267. What is the hundreds digit of (435/(1/1))/(k/(-116))?
5
What is the thousands digit of 1379/(5 + 132/(-9)*2/6)?
2
Let x(d) = -d**3 - 91*d**2 + 15*d - 9. What is the ten thousands digit of x(-95)?
3
Let f = 10267 - -10790. What is the units digit of f?
7
Let h(a) = -16*a - 253. Let o(w) = -16*w - 252. Let z(y) = 4*h(y) - 5*o(y). What is the units digit of z(0)?
8
Let a = 111 - -65. Suppose -5*l = a - 471. What is the tens digit of l?
5
What is the units digit of 3380 - (2 + (-9 - (-3 + -2)))?
2
Suppose 84*o + 17*o - 2049492 = 0. What is the thousands digit of o?
0
Let x = -33 - -22. Let f(s) = -11*s - 6. Let j be f(-3). Let q = x + j. What is the units digit of q?
6
Let d = -1495 + 3511. What is the tens digit of d?
1
Suppose -17*k + 8970 = -2*k. Let x be 3/(-2)*584/(-6). Suppose -x = 4*d - k. What is the tens digit of d?
1
Suppose -2*p + 62740 = s - 13*s, -2*s + 156850 = 5*p. What is the hundreds digit of p?
3
Let y(h) = 23*h - 87. Let k be y(4). Suppose k*d + 3635 = 2*p, -3*d - 36 = -51. What is the hundreds digit of p?
8
Let c(d) = d**3 - d**2 - 10*d + 16. Let z be c(4). Let g = z + 336. What is the hundreds digit of g?
3
Suppose -26*p + 43*p = 76*p - 1118817. What is the units digit of p?
3
Suppose -2*z - 3*g = -18, -5*z - 4*g + 36 = -g. Let b(a) = -a**3 + 7*a**2 - 2*a + 8. Let k be b(z). Suppose -28*v - k = -30*v. What is the units digit of v?
6
Suppose 5*r - 18*r + 442 = 0. Suppose r*o - 1519 = 24117. What is the units digit of o?
4
Let d = -629 + 23. Let h = -427 - d. What is the units digit of h?
9
Let c(o) = o**2 + 527*o + 263. What is the ten thousands digit of c(66)?
3
Suppose 2*p = -3*p + 45. Suppose 0 = -3*c, c = -q - 0*q - p. What is the units digit of q*(-5)/60*(-1 - -141)?
5
Let l(r) = 4*r**3 - 2*r**2. Let f be l(1). Let o(s) = -9 + s + s**3 + 6*s**f - 6*s - 2. What is the tens digit of o(-4)?
4
Suppose 0 = -18*s - 0*s - 504. Let w = -157 - -87. Let k = s - w. What is the units digit of k?
2
Let w(c) = -18*c - 7. Let f be (6/10)/(1/25). Suppose -f = 3*p, 0*g - p = -g. What is the tens digit of w(g)?
8
Suppose -2*m + 16724 = 3*b, 2*m + 156*b - 158*b - 16754 = 0. What is the hundreds digit of m?
3
Let r(c) = 17*c - 71. Let x be r(5). Suppose 21*i = x*i + 1659. What is the units digit of i?
7
Let p(i) = 2*i**2 - 11*i + 3. Suppose -30 = -3*f + 9. Let r be p(f). Suppose -13*c = -19*c + r. What is the tens digit of c?
3
Suppose -4*f - 30906 = -2*q, -3*f = -4*q + 33495 + 28322. What is the ten thousands digit of q?
1
Suppose 5*z = 0, -2*n - 62*z + 35*z = -30*z - 33294. What is the units digit of n?
7
Let k be (-17)/5 - 4/(-10). Let p(u) be the first derivative of -u**4/2 + u**3/3 - 3*u**2/2 - 5*u + 805. What is the tens digit of p(k)?
6
Suppose 2*u - 10904 = -4*m, 46*m - 51*m + 10907 = 2*u. What is the units digit of u?
6
Let h(k) = -k**2 + 37*k + 209. Let y be h(-5). Let b(d) = 1247*d - 1. Let z be b(-1). What is the tens digit of z/(-39) + y + -1 + 1?
3
Let v = -47941 - -74106. What is the thousands digit of v?
6
Let a(n) = -43*n + 435. Let x be a(10). Let s(c) be the second derivative of c**4/4 + 5*c**3/6 - 10*c**2 - c. What is the units digit of s(x)?
0
What is the tens digit of -3 + -1 - ((-544304)/8 + 5 + 2)?
2
Let r be -6 - -6*((6 - 2) + -2). What is the hundreds digit of r/(-27) + 229228/153?
4
Let n be (-3 + 21)/((-124)/(-32) + -4). What is the thousands digit of (5 + 444/16)/((-4)/n)?
1
Let a(z) = -5553*z - 3607. What is the hundreds digit of a(-4)?
6
Let m be ((-4)/(-6))/(10/225) - -1. Suppose 24 = -m*f + 120. What is the units digit of f?
6
Suppose 0 = 6*x - 46 - 284. Let f = -52 + x. Suppose 5*t = f*g - 44, 3*g + 0*g = 4*t + 46. What is the units digit of g?
8
Let s(l) = -11*l**3 + 8*l**2 - 75*l - 729. What is the thousands digit of s(-11)?
5
Let x be (-12)/3*(4 + 1). Let k(n) = 4*n**2 + 60*n - 12. What is the tens digit of k(x)?
8
Let j = 1988 + -221. Suppose 0 = -7*s + 963 + j. Suppose 17*t + s = 22*t. What is the units digit of t?
8
Suppose 0 = 2*z - 2*i + 718, -21*z + 17*z = 2*i + 1424. Let m = 695 + z. What is the hundreds digit of m?
3
Let o = 1198 + -726. Suppose 4*d + 2*a - o = 928, -4*d + 1428 = -5*a. What is the tens digit of d?
5
Let p(y) = -15*y**2 - 24*y + 18. Let x be p(-7). Let g = 9 - x. What is the tens digit of g?
5
Suppose 4*p + 5*x - 831 = 0, -5*p + 3*p = -5*x - 453. Suppose 4*z = -3*m + m - p, 321 = -3*m - z. Let l = 26 - m. What is the tens digit of l?
3
Let g(i) = 39*i - 22. Let r be g(3). Suppose 2*d + 1894 = 3*y, y + d - 533 = r. What is the tens digit of y?
3
Suppose 11*f + 0 = 22. Suppose -4*p - i = 16, p + 5*i = -f - 2. What is the tens digit of (0 - (-10)/(-15))/(p/318)?
5
Suppose 2*o = -16 + 16. Suppose 9*t - 2085 - 1803 = o. Suppose t = g + 2*g. What is the units digit of g?
4
Let c = 913 - -617. Suppose -2*a - c = -4*a. What is the units digit of a?
5
What is the units digit of (((-658)/25)/(-7)*5)/(6/3630)?
4
Suppose f - 139 = -2*o - o, -o + 43 = -3*f. Suppose -o*y + 30*y + 6800 = 0. What is the hundreds digit of y?
4
Suppose -467 = -2*o + w, 71*o - 3*w = 74*o - 696. What is the tens digit of o?
3
Let g(i) = i**3 - 16*i**2 + 2*i + 21. Let l = -17 + 33. Let b be g(l). Let s = -23 + b. What is the units digit of s?
0
Let g = 241 + -233. What is the tens digit of (-3444)/(-1 + g)*4/(-3)?
5
What is the tens digit of (2088/(-36))/(2/(-52))?
0
Let o = 126 + -133. What is the units digit of (-6274)/(-14) + 1/o?
8
Suppose 0 = -503*s + 109*s + 18435991 + 3144965. What is the tens digit of s?
7
Let b(w) = -186*w + 146. Let l(v) = 93*v - 73. Let u(d) = -6*b(d) - 13*l(d). What is the thousands digit of u(-19)?
1
Suppose -2*l + 200 = 2*j + 2*l, -4*l - 240 = -2*j. Suppose 0 = -1364*x + 1379*x + 30. What is the units digit of (j - 2) + (x + 2 - 0)?
8
Let v be -1*(-15 + 16)*(760 - -1). Let x = 2018 + v. What is the thousands digit of x?
1
Let x = 2758 - 1663. Suppose -89*i + 86*i = -x. What is the tens digit of i?
6
Suppose -3358742 = -532*c + 74*c + 7721194. What is the units digit of c?
2
Let w = -462 + 628. Let l be 2/(-5)*190/1. Let y = w + l. What is the units digit of y?
0
Let a = 30534 - 20329. What is the tens digit of a?
0
Suppose -20*s = -213434 - 110726. What is the units digit of s?
8
What is the thousands digit of ((-1)/4)/(10/(-1846240 - 40))?
6
Suppose 0*c - 4*b = -3*c + 89, 2*b + 85 = 3*c. Let m be ((-18)/c)/((-1)/21). Let r(p) = -p**3 + 13*p**2 + 15*p - 6. What is the units digit of r(m)?
8
Let m(c) = 1492*c + 24. Let w be m(-11). Let l = w + 4598. What is the hundreds digit of ((-2)/3)/(5*12/l)?
1
Suppose 12*w + 265 = -47. Let d(t) = -t**3 - 25*t**2 + 31*t + 21. Let r be d(w). Let o = r + 193. What is the units digit of o?
4
Let l(z) = z**3 + z**2 + z + 5. Let s be l(0). Suppose -s*a - 3*a + 16 = 0. Suppose -2*w - a*j = 2*j - 204, 3*w - 2*j = 306. What is the hundreds digit of w?
1
Suppose 4*h = -y - 283, -3*h - y + 0*y - 212 = 0. Let r = h - -209. What is the units digit of r?
8
Let n = -1726 - -3116. What is the units digit of n?
0
Let r(a) be the second derivative of 5/2*a**2 + 10*a + 1/6*a**3 + 0. What is the units digit of r(-3)?
2
What is the hundreds digit of ((-32422)/3)/((2378/(-87))/41)?
2
What is the ten thousands digit of 19/19 - (-13014 + 3 + (2 - -2))?
1
Let n = 46 + -186. Let t = 114 - n. What is the hundreds digit of t?
2
Let i be 168/78 + 4/(-26). Suppose -i*a = 4056 - 5050. What is the hundreds digit of a?
4
Let m(g) = g**2 - 3*g + 48. Let i be m(12). Suppose -3*f +